225266.
1277
Calculate the highest common factor of 153513 and 1557.
9
What is the highest common factor of 1455174192 and 16?
16
Calculate the highest common divisor of 12088375 and 215215.
2795
What is the greatest common factor of 6790 and 3612571?
97
Calculate the highest common factor of 2979231 and 1860129.
15123
What is the greatest common factor of 6628902 and 714?
42
Calculate the highest common divisor of 4263 and 288753.
87
Calculate the highest common factor of 4136 and 1081177284.
2068
Calculate the highest common factor of 4 and 324729388.
4
Calculate the greatest common divisor of 1068 and 195024.
12
Calculate the greatest common divisor of 114257 and 14926.
17
What is the highest common factor of 9 and 2689695?
9
What is the highest common divisor of 17212626 and 1178?
62
Calculate the highest common divisor of 75439 and 154063.
91
Calculate the highest common divisor of 422 and 140807685.
211
Calculate the highest common factor of 1581 and 11238802.
527
What is the greatest common divisor of 3795 and 24115155?
345
Calculate the highest common factor of 21208 and 319084.
964
Calculate the greatest common divisor of 512 and 103319552.
512
Calculate the highest common divisor of 2562065 and 297110.
2035
Calculate the greatest common factor of 76477513 and 92715.
6181
Calculate the highest common factor of 12183938 and 52.
26
Calculate the highest common factor of 4774021 and 1421.
49
What is the highest common factor of 59194 and 9328278?
3482
What is the greatest common factor of 1905 and 47138590?
635
What is the greatest common factor of 4800 and 4795800?
600
Calculate the greatest common divisor of 728 and 73724.
28
Calculate the highest common divisor of 9884 and 62692.
28
Calculate the greatest common divisor of 50224 and 190384.
1168
Calculate the greatest common factor of 66439600 and 1200.
400
Calculate the greatest common divisor of 1856 and 78704.
16
Calculate the highest common factor of 8544 and 947676984.
2136
What is the greatest common divisor of 69433 and 504343?
763
What is the greatest common divisor of 362 and 15881664?
362
Calculate the highest common divisor of 32 and 17019136.
32
What is the greatest common divisor of 288272 and 313728?
688
Calculate the highest common divisor of 204823328 and 309.
103
What is the greatest common divisor of 366 and 150397696?
122
Calculate the greatest common divisor of 15240 and 299688.
24
Calculate the highest common factor of 6010194 and 152.
38
What is the greatest common divisor of 2088 and 30548600?
232
Calculate the greatest common factor of 136039536 and 396.
36
What is the highest common factor of 11 and 9169787?
11
Calculate the highest common factor of 15801 and 1078590.
687
What is the highest common factor of 247 and 2321933?
19
Calculate the highest common factor of 1173 and 186711.
51
Calculate the greatest common divisor of 18810 and 869440.
2090
Calculate the highest common divisor of 29 and 1496333648.
29
Calculate the highest common factor of 3188223776 and 6652.
6652
What is the greatest common factor of 16546925 and 300?
25
What is the highest common divisor of 45790 and 492845?
1205
Calculate the highest common divisor of 81286115 and 5.
5
Calculate the greatest common factor of 14 and 134183910.
14
What is the greatest common factor of 76205 and 890?
5
Calculate the highest common divisor of 18302400 and 45632.
1984
Calculate the greatest common divisor of 4118779793 and 4307.
4307
Calculate the highest common divisor of 37711274 and 77674.
1094
Calculate the highest common divisor of 594253 and 407.
11
What is the greatest common factor of 4607862 and 20874?
294
What is the greatest common divisor of 369 and 574149363?
123
Calculate the greatest common divisor of 1904 and 341264.
112
What is the greatest common factor of 136318 and 1086722?
1274
What is the highest common factor of 27642363 and 21?
21
What is the highest common divisor of 1059728 and 3408?
16
What is the greatest common divisor of 7316368 and 738?
82
What is the greatest common divisor of 69 and 117369?
69
Calculate the greatest common divisor of 600936 and 196196.
1372
What is the highest common divisor of 311 and 237157093?
311
Calculate the highest common factor of 472951798 and 374.
374
What is the greatest common divisor of 88563916 and 2114?
2114
What is the greatest common factor of 82503 and 117729?
927
Calculate the highest common divisor of 22952 and 2685988.
604
Calculate the greatest common factor of 136036303 and 13.
13
What is the highest common divisor of 27140 and 208620?
20
Calculate the greatest common divisor of 145649739 and 29589.
4227
Calculate the greatest common divisor of 775977 and 123.
3
Calculate the highest common factor of 57372158 and 124522.
5414
Calculate the greatest common factor of 355067 and 149.
149
Calculate the highest common divisor of 4326 and 95359872.
618
Calculate the highest common divisor of 22 and 552578.
2
What is the highest common divisor of 938550 and 250?
50
Calculate the greatest common divisor of 9542326 and 4.
2
What is the greatest common divisor of 74188 and 2515846?
2182
What is the highest common factor of 360249 and 123786?
1587
What is the greatest common divisor of 12 and 28441122?
6
Calculate the greatest common factor of 2088 and 74808864.
2088
What is the highest common factor of 5824 and 68250?
182
What is the highest common factor of 475 and 1847700?
25
Calculate the greatest common factor of 38337 and 30654.
39
Calculate the greatest common divisor of 98 and 2821714.
98
What is the greatest common divisor of 3472 and 33382412?
868
Calculate the highest common divisor of 265216 and 904.
8
Calculate the highest common divisor of 11007 and 97191.
9
What is the highest common factor of 54264 and 5488112?
1064
Calculate the highest common factor of 26622200 and 33000.
2200
What is the highest common divisor of 11639910 and 7620?
30
What is the highest common factor of 12460 and 88406815?
3115
Calculate the highest common divisor of 80 and 8105420.
20
What is the greatest common divisor of 80 and 129073480?
40
What is the greatest common divisor of 59969 and 998385?
659
What is the highest common divisor of 572460 and 1731996?
2436
What is the highest common factor of 124790 and 1600?
10
What is the highest common factor of 31787 and 10998036?
133
Calculate the greatest common factor of 406 and 68236942.
58
What is the greatest common factor of 9713221 and 10683?
1187
Calculate the highest common divisor of 556 and 18311026.
278
Calculate the greatest common divisor of 232596 and 409500.
3276
Calculate the greatest common divisor of 23255085 and 420.
105
What is the greatest common factor of 117346 and 23552?
46
Calculate the greatest common divisor of 152 and 93600536.
152
Calculate the greatest common divisor of 652858 and 241922.
3314
What is the greatest common factor of 2091764 and 80023?
1861
What is the highest common divisor of 777330840 and 4680?
1560
What is the highest common factor of 276 and 3891142116?
276
Calculate the highest common divisor of 5157000 and 432.
216
Calculate the greatest common divisor of 22458 and 26227201.
3743
What is the highest common factor of 10866429 and 3836?
959
What is the highest common factor of 31156013 and 49?
49
Calculate the greatest common factor of 1326171432 and 8.
8
Calculate the greatest common divisor of 62 and 966177.
31
Calculate the greatest common divisor of 37271 and 65000.
13
Calculate the highest common divisor of 123128 and 11.
1
Calculate the greatest common factor of 8704 and 650062592.
4352
Calculate the highest common factor of 269112707 and 439.
439
Calculate the greatest common factor of 17280105 and 32005.
865
What is the highest common factor of 29866197 and 564?
141
Calculate the highest common divisor of 6659 and 804826717.
6659
What is the highest common factor of 10486 and 245294?
98
What is the highest common factor of 57 and 6358407?
57
What is the greatest common divisor of 2121916 and 30861?
127
Calculate the greatest common factor of 6638362 and 278.
278
Calculate the greatest common divisor of 104 and 14917864.
104
Calculate the highest common divisor of 3345389 and 199.
199
Calculate the greatest common factor of 3677390 and 20.
10
Calc